 - 21. Let l be g(-5). Suppose 2*t = d + 75, 2*d + 2*d = -l. What is the tens digit of t?
3
Suppose 5*m = -5*l + 4645, 2*l + 38*m - 1849 = 33*m. What is the hundreds digit of l?
9
Let x(t) = t**3 - 14*t**2 - 22*t - 16. Suppose -2*f - 32 = -4*f. What is the tens digit of x(f)?
4
Let d = 32 + -32. Suppose d = -3*j + 10*j - 595. What is the units digit of j?
5
Let a = 48 - 54. What is the tens digit of (-2 - 27/a)*30?
7
Let f = 12 + -24. Let y = 20 + f. Let i(m) = 2*m**2 - 12*m + 2. What is the tens digit of i(y)?
3
Let t be 3 - (-14)/(0 + -2). Let p(f) = -f**2 - 5*f. Let h be p(t). Suppose n + h*n = 75. What is the units digit of n?
5
Let m = 2422 + -1650. What is the units digit of m?
2
Suppose 6*c = g + 4*c + 6, -5*g - c + 3 = 0. Suppose g = -128*k + 126*k + 32. What is the tens digit of k?
1
Let w(n) = -n**3 + 6*n**2 - 5*n + 1. Let h be w(5). Let r = h + 2. Suppose -6 = 3*a - 3*x - x, -r*a - 3*x + 15 = 0. What is the units digit of a?
2
Suppose -203 + 4299 = 16*v. What is the hundreds digit of v?
2
What is the hundreds digit of (-211)/(-2) + ((-21)/(-6) - 3)?
1
Let s(p) = p**2 + 7*p + 11. Let m be s(-6). What is the units digit of 32/(-2)*(m - 14/2)?
2
Let z(i) = 7*i + 3. Let r(q) = -3*q - 2. Let y(b) = -9*r(b) - 4*z(b). Let c be y(-12). Let p = c + 59. What is the units digit of p?
7
Let h(s) = s**2 - s + 9. Suppose j - 4*j - 18 = 0. What is the tens digit of h(j)?
5
Let s = -913 - -2102. What is the tens digit of s?
8
Suppose -5*l + 2*k + 8 + 20 = 0, 12 = 5*l + 2*k. What is the units digit of l?
4
Let a = -1351 - -1796. What is the tens digit of a?
4
What is the thousands digit of -7*(7 - 4940/10)?
3
Suppose -1660 + 526 = -7*q. What is the hundreds digit of q?
1
Let t(w) = w**2 - 13*w + 5. Let p be t(5). Let j = p - -17. Let h(y) = y + 27. What is the units digit of h(j)?
9
Let d = 460 - 389. What is the tens digit of d?
7
Suppose 2*w + 3*z = 16, 3*w + 7 - 1 = 3*z. Let c(r) = -8*r - r**3 - 6*r + 4*r - 5*r**w. What is the units digit of c(-5)?
0
Let t be (-8 - -11)*4/6. Suppose 2*n - 681 = -3*o, 3*o - 684 = t*n - 3*n. What is the hundreds digit of o?
2
What is the tens digit of 2/5 + 143520/325?
4
Let v(z) = -z**2 - 8*z - 12. Let s be v(-5). Suppose -3*k = -3*m, 0*m - m - 4 = -s*k. Suppose m*w = -6, 211 = -3*u + 7*u - 5*w. What is the tens digit of u?
4
Let w = -5 + 15. Suppose -5*a + w = 5*b, -4*b - 24 = -8*b + 4*a. What is the units digit of b?
4
Suppose h - 4*i = 417, -h + 3*i + 414 = 2*i. Suppose -176 = -s + 3*t, -4*t + h - 71 = 2*s. What is the tens digit of s?
7
Suppose -2*q - 3*a - 98 + 332 = 0, -4*q + 2*a + 452 = 0. Let h(l) = 2*l. Let k be h(3). Suppose -k*f + q = -66. What is the tens digit of f?
3
Suppose 2*c + 67*t - 4698 = 68*t, 4 = t. What is the tens digit of c?
5
Let j(a) = a**3 - 19*a**2 + 25*a - 6. What is the hundreds digit of j(18)?
1
Let s be (10/3)/(4/6). Suppose 2*n + 3*n - s = 0. What is the units digit of (-2)/(-2) - (n - 4)?
4
Let r(j) = 173*j + 26. What is the units digit of r(4)?
8
Let r = -341 - -635. What is the hundreds digit of r?
2
Let y(k) = -7*k - 6. Let p be y(-10). Suppose 2*z = 6*z - p. Let o = z + -9. What is the units digit of o?
7
Let a = 3498 + -1788. What is the units digit of a?
0
Let y(n) = n**2 + 11. Let s be y(-11). Let h = s + -44. Suppose -4*t = -5*v + 123, -5*v = -3*t - 38 - h. What is the units digit of v?
7
Suppose -6*m - 3*g = -5*m - 314, -4*g + 316 = m. What is the hundreds digit of m?
3
Let y(r) = 2*r - 2. Let t be y(7). Let l = -9 + t. Suppose h + h + l*u - 34 = 0, 5*u - 30 = -2*h. What is the units digit of h?
0
Let o = 90 - -120. What is the units digit of o?
0
Let y(t) = 15*t**3 - 2*t**2 - 17. What is the hundreds digit of y(4)?
9
Suppose 44*b = 35*b + 1395. What is the tens digit of b?
5
What is the hundreds digit of -3*321/(-9) + 1*-4?
1
Suppose 3*i = -t + 1374, -36*i - 2*t + 1371 = -33*i. What is the units digit of i?
9
Let i be (3/2)/(3/4). Let h(b) = 2*b**3 - b**2 - b - 1. Let a be h(i). Suppose 3*m + a = 0, 5*w - 3*w - 4*m = 38. What is the units digit of w?
3
Let v = 1133 + -654. What is the hundreds digit of v?
4
Suppose 3*l = -3, -q + 3*l - 305 = 3*q. Let y = q + 138. What is the tens digit of y?
6
Let t = 1118 - 309. What is the tens digit of t?
0
Let f be (36/(-20))/((-1)/5). Let i(n) = 6*n + 1. Let m be i(f). Let h = 86 - m. What is the units digit of h?
1
Suppose n = -0*n - 2*t - 4, -3*t - 6 = -4*n. Suppose -5*z + 227 = -x, -2*z + 5*x = -n*z - 77. What is the tens digit of z?
4
Let z = 8 + -3. Suppose -3*c - 44 = -z*c. What is the units digit of c?
2
What is the hundreds digit of ((-1604)/(-7))/((-200)/(-28) - 7)?
6
Let h = 6473 + -3489. What is the thousands digit of h?
2
Let l(y) be the third derivative of y**4/6 - 2*y**3/3 - 8*y**2. Let r be l(2). Suppose -4*m = 3*w - 264, -m - 4*w - 198 = -r*m. What is the tens digit of m?
6
Suppose 41 = -4*f - 7. Let p(i) = 3*i**2 - 53*i + 5. Let r(n) = -n**2 + 20*n - 1. Let k(z) = 4*p(z) + 11*r(z). What is the units digit of k(f)?
7
Suppose 4*f + 4*u = 16, -3*f + 4*u - 4 = 5. Let y be (f/2)/((-6)/24). What is the tens digit of (-12)/(8/y) - -23?
2
What is the tens digit of 116385/45 - (-8)/3?
8
Let k(q) = -q**3 - 12*q**2 - 2*q - 18. Let s be k(-12). Suppose -8*f + 54 = s. What is the units digit of f?
6
What is the hundreds digit of 8/10*(37080/16)/9?
2
Let z(p) be the first derivative of -p**4/2 - 2*p**3 + 2*p**2 + p + 23. What is the tens digit of z(-5)?
8
Let u = 7 - 8. Let q be 1 - u - -1 - -3. Suppose -s + 49 - q = -4*o, 0 = s - 3*o - 38. What is the tens digit of s?
2
Suppose x + 4*j = -12 + 33, -2*x + 21 = j. Let p(v) = 2*v**2 - 5*v - 18. What is the units digit of p(x)?
9
Let r(u) = u**3 - 26*u**2 + 5*u + 24. What is the units digit of r(27)?
8
Suppose -81 + 231 = -6*f. What is the units digit of (-2295)/f - (3 - 48/15)?
2
Suppose -2*g - v = -59, -105 - 39 = -5*g + v. Let u = 10 + -20. Let j = u + g. What is the tens digit of j?
1
Let h = -50 - -10. Let k = h + 52. What is the tens digit of k?
1
Suppose -3856 = -41*x + 25*x. What is the units digit of x?
1
Suppose -286*s + 298*s = 23616. What is the units digit of s?
8
What is the hundreds digit of (36/24)/(12/4208)?
5
Let o(x) = 31*x - 40. Let f(y) = -y + 1. Let b(h) = 6*f(h) + o(h). What is the units digit of b(11)?
1
Let l(g) = -g**3 - 9*g**2 - 15*g - 5. Let a be l(-7). Suppose -3*s - b = a*s - 602, 4*b = 3*s - 375. What is the tens digit of s?
2
What is the hundreds digit of 10*(0 + (-322)/(-10))?
3
Suppose -172*r - 380 = -176*r. Let w be 3 + -1 + 0 + 2. What is the units digit of r/w - 8/(-32)?
4
Let q(s) = 17*s**2 - 4*s - 4. Let k be q(-2). Suppose 15*x - 6*x - k = 0. What is the units digit of x?
8
Suppose -3*x + 3*f = 93, 2*f = 3*x - 0*f + 91. Let d = x - -21. What is the units digit of (51 - 13) + d/2?
4
Let f be -3*((-30)/9 - 1). What is the tens digit of (3 + f)/(-4) + 42?
3
Let i(n) be the second derivative of n**4/12 + n**3/3 + 4*n**2 - 7*n. Let u be i(0). Suppose -60 = u*y - 308. What is the tens digit of y?
3
Let n(r) = -r**3 - 6*r**2 + 8*r + 12. What is the units digit of n(-12)?
0
Let k(u) = -4 + 5*u**2 - u**3 + 12 - 1 + 4*u. What is the tens digit of k(5)?
2
Suppose 690 = 3*y - 3*d, -5*y + 7*d + 1186 = 11*d. What is the hundreds digit of y?
2
Let k(g) = -g**2 + 12*g - 28. Let y be k(8). Let i(f) = 21*f**2 - 6*f - 14. What is the tens digit of i(y)?
9
Let f = -1587 + 3677. What is the hundreds digit of f?
0
Suppose 0 = 4*o - 4*z - 4295 - 7117, 2*o + z = 5709. What is the hundreds digit of o?
8
Let d be -5*4/40*-4. Suppose d*j = 3*j. Suppose 3*b + 2*b + k - 141 = j, 0 = 3*k + 12. What is the tens digit of b?
2
Let h(s) = 5*s - 35. Let b be h(10). Suppose -2*n = -b - 31. What is the units digit of n?
3
What is the units digit of ((-2 - -1) + -1)/(12/(-3024))?
4
Let j(b) = -14*b + 5. Let t(m) = 14*m - 5. Let k(c) = -4*j(c) - 3*t(c). Suppose 0 = g + 3*y - 7 - 6, 5*g - 3*y = 11. What is the tens digit of k(g)?
5
Suppose 91 + 89 = -5*k. Let s = k + 43. What is the units digit of s?
7
Let k = 7 + -13. Let a be k + 3 + (-1)/(-1). What is the tens digit of (-3)/a*(-140)/(-6)?
3
Suppose 0 = -5*m - 2*j - 3*j + 10, 4*m + 3*j = 9. Let w(h) = 13 + 8*h + m*h - h**3 + 17*h**2 + 0*h - 12*h**2. What is the units digit of w(6)?
3
Let q(c) = -2 + 12*c**2 + c**3 + 14*c**2 